1 and j.
19
Let c = 11 - 2. Let j be (180/16)/((-3)/(-12)). Calculate the highest common divisor of c and j.
9
Let o be 19 + 9/(-6)*(-10)/(-15). Let f = 0 - 0. Suppose -h + 3*a = -3*h + 15, f = -4*h - 3*a + 27. What is the highest common divisor of o and h?
6
Suppose 3*f - f = 0. Suppose 2*u + 2*u - 20 = f. Suppose -7 - 5 = -4*x, u*h - 45 = 5*x. Calculate the highest common divisor of 84 and h.
12
Let i = -86 + 131. Let t(s) = 2*s**3 + s**2 + 5*s - 2. Let k be t(3). Let b = k - i. What is the greatest common divisor of b and 341?
31
Suppose 4*y - 2*y = -1848. Let a be (y/70)/((-2)/5). Let o be 8/6 - 11/a. What is the greatest common factor of 5 and o?
1
Let l = -46 + 47. Suppose -z - 1 = 0, -6 = -2*a + z + 3*z. Let y(q) = 5*q**3. Let s be y(a). Calculate the highest common divisor of s and l.
1
Let a(h) be the second derivative of -h**5/20 - 3*h**4/4 + 2*h**3/3 + 8*h**2 - 12*h. Let g be a(-10). What is the greatest common divisor of 19 and g?
19
Suppose 4*b + 2 = -2*f, 249*f = -b + 244*f - 23. Let c = 43 + -29. Calculate the highest common factor of b and c.
2
Let k be -2 - -2 - (3*10)/2. Let w(c) = 2*c**2 + 27*c + 4. Let j be w(k). Calculate the greatest common factor of j and 7.
7
Suppose r + 3*w - 10 = 0, 116*r - 118*r - 2*w = -12. Calculate the highest common divisor of 92 and r.
4
Suppose 0 = 8*v + 55 - 71. Calculate the highest common divisor of 32 and v.
2
Let l be ((-4)/(-12))/((-4)/(-2484)). What is the greatest common factor of 46 and l?
23
Suppose 0 = 3*o - o - 66. Let p = -17 - -23. Suppose -41 = -p*s + 3*s + 4*n, -4*s = 3*n - 38. What is the highest common divisor of o and s?
11
Suppose 3 - 6 = -s. Suppose 5*y - 35 = -0*y - 3*p, 4*y - 28 = p. What is the greatest common factor of s and y?
1
Let b = 37 + -40. Let m be (2/8)/(b/(-132)). Suppose 217 = 5*u - 3*a, -u - 5*a = u - 93. Calculate the greatest common divisor of m and u.
11
Let q = -961 - -1280. What is the highest common divisor of 116 and q?
29
Let k(j) = 23*j - 3. Let o = 17 + -14. Let q be k(o). What is the highest common factor of q and 6?
6
Suppose 4 + 14 = 2*c. Let v(k) = -13*k - 33. Let m(g) = 3*g + 2. Let d(i) = -5*m(i) - v(i). Let o be d(c). Calculate the highest common factor of 40 and o.
5
Suppose -g = 8 - 2. Let i = -3 - g. Suppose i*x - a = 40, -17 - 43 = -5*x + 3*a. Calculate the greatest common divisor of x and 165.
15
Let z(u) = -u**2 + 12*u + 103. Let i be z(17). Suppose -3*w - 2*o = 2*o - 220, -w + 4*o + 68 = 0. What is the greatest common factor of i and w?
18
Suppose -8*g + 39 = 5*g. Suppose -4*f + 8 = 4*j, g*j + 0 = -4*f + 9. What is the highest common divisor of 1 and f?
1
Let t(i) = i**2 + 7*i + 13. Let h be t(-10). Let u = h - 28. Calculate the highest common factor of 15 and u.
15
Let k = 682 + -311. What is the greatest common divisor of k and 7?
7
Suppose -k + 69 = 24. What is the greatest common divisor of k and 120?
15
Let c be (-1)/(94/16 + 66/(-11)). Calculate the greatest common divisor of 32 and c.
8
Suppose 5*f + 0*f = 30. Let k(z) = -2*z**2 - 11*z - 10. Let o be k(-4). Calculate the highest common divisor of o and f.
2
Suppose 128 = -56*y + 60*y. Let j be (18/(-4))/((-8)/y). What is the greatest common divisor of j and 36?
18
Suppose s = -3 + 6. Let c = 5 + -47. Let j = -39 - c. What is the greatest common divisor of s and j?
3
Suppose -4*y - 6 - 26 = 0. Let a(u) = u + 17. Let p be a(y). Suppose 3*i - i - 2*z = 28, -5*z = -i - 2. Calculate the highest common divisor of i and p.
9
Suppose 3*o = -300 + 1356. Calculate the highest common factor of 264 and o.
88
Let f be ((-36)/(-27))/(1/3). Let m = -4 + 6. Let a be (f/2 - -44) + m. Calculate the greatest common divisor of 32 and a.
16
Suppose 5*y - 84 + 4 = 0. Let p be 2 - 1 - (-7257)/41 - 2. Calculate the greatest common divisor of p and y.
16
Let r = -5 + 29. Suppose 4*w = 6*w - r. Let c = w + -1. Calculate the highest common divisor of c and 33.
11
Let y = -7 - -12. Suppose v - 3*i - y = 58, 3*v - 5*i - 177 = 0. Let u be (-1)/(-4) + (3 - (-177)/12). Calculate the greatest common factor of v and u.
18
Let l be (2/4)/(-2 - (-53)/26). Suppose 0 = -4*q + 21 - 5. Suppose l - 1 = q*r. What is the greatest common factor of 3 and r?
3
Suppose -3*s - s = 84. Let x = 12 + s. Let v = 25 + x. What is the highest common divisor of 176 and v?
16
Let b(p) = -p**3 + 6*p**2 + 9*p - 8. Let j be b(7). Let o be (253/(-33))/((-2)/j). What is the highest common divisor of 207 and o?
23
Suppose -80*b = -11*b - 138. What is the greatest common divisor of 11 and b?
1
Suppose q + 3*h = 305, -5*q - h = -785 - 810. What is the highest common factor of q and 20?
20
Let s be 29/203 + (-614)/(-14). What is the highest common factor of s and 484?
44
Let h(s) = s**2 - 3*s - 13. Let i be h(-3). Calculate the greatest common factor of 80 and i.
5
Suppose -620*h = -622*h + 352. What is the highest common factor of h and 16?
16
Let o(v) = v**2 - 18*v + 25. Let b be o(-14). Calculate the greatest common factor of 43 and b.
43
Suppose s - 1053 = -5*u, 25*s - 21*s = -2*u + 432. Calculate the greatest common divisor of u and 30.
30
Suppose -4*j = -3*c + 7, -15 = 3*c - 8*c + 5*j. Suppose -5*n = 0, -c*n + 0*n = 2*k - 162. Let h = k + -51. What is the highest common divisor of 12 and h?
6
Let a = -790 + 1161. Let m(h) = 4*h**2 - 75*h + 289. Let n be m(4). Calculate the highest common factor of n and a.
53
Let b(p) = p**3 + 35*p**2 + 2*p + 82. Let d be b(-35). What is the highest common divisor of d and 68?
4
Let c = 587 - 329. Suppose 2*n - 496 = -3*b - b, -3*b - c = -n. Calculate the greatest common divisor of 36 and n.
36
Let j(c) = -c - 4. Let l be j(-5). Let p be l - (1 + 1 + -6). Let b be ((-3)/(9/(-105)))/1. What is the greatest common factor of p and b?
5
Let f = 130 - 64. Let c(x) = -x**2 + x + 6. Suppose t = -4*t. Let r be c(t). Calculate the highest common factor of r and f.
6
Let t(f) = -3494*f - 13874. Let q be t(-4). Let i(r) = -5 + 8*r - 5 + 4. Let s be i(5). Calculate the highest common factor of s and q.
34
Suppose r + x = -2*x - 9, 4*r - x = 16. Suppose -39 = -6*u + 3*u - r*z, -u + 3*z + 13 = 0. Let y = -666 - -731. What is the highest common divisor of y and u?
13
Let t be 2 - (0 + -1)/1. Suppose -5*u = -7 - t. Suppose -10 = -5*a, l - 6*a - 20 = -5*a. Calculate the greatest common factor of u and l.
2
Let o(n) = n**2 + 3*n - 1. Let m be o(-3). Let c be (6 + m)/(4 + -3). Calculate the highest common divisor of 40 and c.
5
Let f(q) = 143*q - 157. Let n be f(8). What is the highest common factor of n and 21?
21
Let a = 25 + -27. Let m be ((-16)/(-24))/(a/(-6)). Let h = 56 - 34. What is the greatest common divisor of h and m?
2
Suppose -10462 + 3202 = -11*j. What is the greatest common factor of 20 and j?
20
Suppose -8*c - 6*c = -2870. Calculate the highest common factor of 123 and c.
41
Let w(x) = -x**2 - 9*x + 3. Let o be w(-9). Let n be (-9)/o*38/(-3). What is the highest common divisor of n and 19?
19
Let f = 24 + -18. Let d be 4/f - (-5)/15. Let k be d/((-424)/(-420) + -1). What is the highest common divisor of k and 21?
21
Let u = 158 - 113. Let r(h) = u*h**2 - 3*h + 8*h - 6*h. Let x be r(-2). What is the greatest common divisor of x and 26?
26
Suppose z - 7*z + 138 = 0. Suppose -z*c = -27*c + 864. Calculate the greatest common factor of c and 8.
8
Let u(g) = 5*g**3 - g**2 + g - 2. Let w be u(2). Let x = 5 - -21. Suppose -n - x = -116. Calculate the highest common divisor of w and n.
18
Let p(v) = 113*v + 1130. Let u be p(0). Calculate the greatest common factor of 20 and u.
10
Suppose -615 = 53*i - 827. Suppose -4*q + 2*s + 19 = -11, -3*q + 29 = 5*s. What is the highest common divisor of i and q?
4
Suppose 5*m - 5*b + 60 - 435 = 0, 0 = 3*b - 6. Suppose -3*y - 8 = -v, v - y = 11 - 1. Calculate the greatest common factor of m and v.
11
Let g be (-2)/(18/15)*22*-6. Calculate the highest common divisor of 22 and g.
22
Suppose 0 = 2*r - 7*r + 625. Let g(x) = -15*x + 100. Let c be g(5). Calculate the greatest common divisor of r and c.
25
Let q(d) = -d - 22*d + 5 + 7 - 9*d. Let j be q(-4). What is the highest common divisor of j and 20?
20
Suppose 0 = -2*t + 4 + 2. Suppose 5*u - w = 34, -t*u - 2*w = -13 + 3. Calculate the highest common factor of 15 and u.
3
Let i be ((-1)/(-2))/((-2)/(-132)). Suppose -23 = -2*u 